 = -j, a*i + 3*i = 2*z + 15. What is the units digit of i?
7
Let d(s) = 9*s**2 + 1. Let b be d(-1). Let c(o) = o**2 - 10*o + 6. What is the units digit of c(b)?
6
Let s(b) = b**2 - b - 5. Let x(v) = -v**3 + v + 2. Let k be x(-2). Let a = 13 - k. What is the units digit of s(a)?
5
What is the hundreds digit of (-3 + 13/4)*716?
1
Let g = -91 - -156. What is the units digit of g?
5
Suppose 4*l - 15 = -l. Let m(o) = 5*o - 1. Let n be m(l). Suppose 3*s + 9 = -0*s + 4*q, 3*q = -5*s + n. What is the units digit of s?
1
Let p(b) be the third derivative of -b**6/120 + 7*b**5/60 - b**3/3 + 2*b**2. Let i be p(7). What is the units digit of (-18)/i - 4/4?
8
Suppose 2*x + 39 = 11. Let g = x + 2. What is the units digit of 1*4/(g/(-9))?
3
Let a be 2/(-5) + 81/15. Suppose 3*b + 2 = a. What is the units digit of b?
1
Let z(q) = -q**3 + q**2 - 2*q + 56. What is the units digit of z(0)?
6
Let b(y) = y - 1. Let r(q) = -3*q - 3. Let w(s) = 6*b(s) - 2*r(s). What is the tens digit of w(3)?
3
Let m(d) = 2*d + 10. Let k be m(8). Let i = k + -13. What is the units digit of i?
3
Let b(y) = -y - 2 - 7*y - 2 - y**2. Let f be b(-4). Suppose -5*r + 18 + f = 0. What is the units digit of r?
6
Suppose a - 334 = 5*v, -244 = 2*v + 2*v + 5*a. Suppose -6*f + 58 = -3*f - 2*b, -3*b = 5*f - 84. What is the tens digit of 9/f - v/4?
1
Let w be (3/4)/((-5)/20). Let a = w + 6. What is the units digit of (-1)/a + 43/3?
4
Let m = 200 + -121. What is the units digit of m?
9
Let v(g) = g**2 - 8*g - 5. Let m(k) = k**2 - k - 1. Let n(t) = 3*m(t) - v(t). What is the units digit of n(-3)?
5
Let z = 18 + -13. Let s be (5 - (1 + 1)) + 6. Let d = s - z. What is the units digit of d?
4
Suppose 2*l - 90 = -0*l. Suppose -39 = -4*h + 3*f - 7, -3*h + l = 3*f. What is the tens digit of h?
1
Let o(z) = 2*z**2 - 2*z - 13. What is the tens digit of o(-3)?
1
Let t = -20 + 16. Let i(f) = -f**3 - 2*f**2 + 7*f + 6. What is the units digit of i(t)?
0
Let w(r) = 0*r**2 + 3*r + r + r**2 - 3. Let a be w(-6). Suppose -4*c = -a*c + 10. What is the units digit of c?
2
Let w(g) = -g**3 - g**2 + g + 18. Let v be w(0). Let p = v - 13. What is the units digit of p?
5
Suppose 4*y - 12 - 12 = -4*i, 0 = 5*y - 5*i - 10. Let q = -5 + y. Let o = q + 14. What is the units digit of o?
3
Let v(h) = -13*h. Let i be v(-1). Let m(a) = -7*a**2 + a. Let t be m(-1). Let q = t + i. What is the units digit of q?
5
Let h be 5/((-4)/2 - -1). What is the units digit of (11/4)/(h/(-20))?
1
Let c = 22 + -7. What is the units digit of c?
5
Suppose 2*c = -2*c + 196. What is the units digit of c?
9
Suppose -5*h + 18 + 47 = 0. What is the tens digit of 8*(h/2)/1?
5
Let q(c) = c**3 + 6*c**2 + 4*c - 3. What is the units digit of q(-5)?
2
Let f be 2/((-60)/(-14) - 4). What is the units digit of ((-6)/(-3)*f)/2?
7
Suppose -f + 2*v + 64 = 0, -3*f + 180 - 3 = -v. What is the units digit of f?
8
Suppose 0 = 2*n + 51 - 123. What is the units digit of n?
6
Suppose 3*j - 75 = 5*u, 0 = -2*j + 2*u + 33 + 21. Suppose j = y + 4*y. Suppose -y*l + 4*l = -16. What is the units digit of l?
8
Suppose 2*i = -0*t - 5*t + 71, i = 2*t + 13. Suppose -3*g - i = -68. What is the units digit of g?
5
Let h(w) = 6*w**2 + w - 1. Let f(o) = o + 4. Let x be f(-3). What is the units digit of h(x)?
6
Let a(p) = -p + 4*p + p - 5*p + 7. Let o = 14 - 8. What is the units digit of a(o)?
1
Suppose -3*k + 169 = -0*k + h, k - 5*h - 51 = 0. What is the tens digit of k?
5
Let x(r) = -2*r - 12. Let i be x(-8). Suppose -5*n + i + 11 = 0. Suppose 5 = -v, 0 = -h - n*h - 2*v + 2. What is the units digit of h?
3
Suppose 4*k - 8 = -a + 5, 3*k + 2*a - 6 = 0. Suppose 30 = -k*h + 150. Suppose 3*c - h = -2*c - d, -2*c + 5*d + 12 = 0. What is the units digit of c?
6
What is the units digit of -82*(-3 - (-10)/4)?
1
Let j = 294 - 150. What is the units digit of j?
4
What is the units digit of ((-110)/6)/((-29)/174)?
0
Let z = 310 - 131. What is the tens digit of z?
7
Let g = -15 + 22. What is the units digit of g?
7
Let j(t) = t**3 + 11*t**2 + 5*t - 1. Let a be j(-10). Suppose -5*x = 4*o - 56, -5*o + 2*x + a = 3*x. What is the units digit of o?
9
Suppose 5*c = 4*g + 20, -4*c = -3*g + 2*g - 5. Let r = g + 12. What is the units digit of r?
7
Suppose 2*y + 258 = 5*y. Suppose -106 = -4*s + y. Let n = -33 + s. What is the units digit of n?
5
Let g(o) = -o - 6. Let f be g(-3). Let b(r) = -5*r**2 - 11*r + 6. Let l(z) = -2*z**2 - 5*z + 3. Let j(t) = f*b(t) + 7*l(t). What is the units digit of j(4)?
1
Suppose -5*b - f + 310 = -3*f, -3*f = -2*b + 113. Let g = -46 + b. What is the units digit of (-12)/4 + (g - 1)?
4
Let i(m) = -m - 1 + 12 + 2*m. What is the units digit of i(-7)?
4
Let k(n) = -n**3 - 10*n**2 + 10*n - 12. Let l be k(-11). Let c(f) = 6*f**2 + f + 1. Let j be c(l). Suppose 2*i = j*i - 16. What is the units digit of i?
4
Let x(k) = -2*k**3 + 2*k**2 + k. Suppose -4*c - c = 2*a + 14, 0 = -3*c - 6. Let b be -2 + (-2 - (a - 1)). What is the units digit of x(b)?
3
Let n(i) = 2*i. Suppose 4*b - 6 = b. Suppose -b*w + 12 = -0*w. What is the tens digit of n(w)?
1
Let y(q) = -q + 9. Suppose 4*x - 22 = 6. Let w be y(x). Suppose -w*i + 17 = -11. What is the tens digit of i?
1
Suppose -2*m + 0*m + 22 = 0. What is the units digit of m?
1
Suppose 5*g = -21 + 181. What is the tens digit of g?
3
Let a = 0 + 3. Suppose -3*r + 4*w + 14 = a*w, -18 = -5*r - w. Suppose -55 = -r*i - 19. What is the units digit of i?
9
Let z(o) = 10*o - 1. Let a be z(2). Suppose 5*v + 46 = -14. Let s = a + v. What is the units digit of s?
7
Let b = 0 - 2. Let n be b + 25 + (2 - 5). Let i = n - 12. What is the units digit of i?
8
Let o(a) = 2*a**3 - 3*a + 2. Let c be o(2). Let z be 8/(-10)*(-45)/(-18). What is the units digit of 126/c*z/(-3)?
7
Let i be (-2)/(-6) - 19/3. Let a = 33 - i. What is the tens digit of -2*a/(-6) + 3?
1
Let a be (0 - (-1 + 3)) + 4. Suppose -m = -2*n + a*m, n = 2*m - 2. Let p = 10 - n. What is the units digit of p?
4
Let p(m) = -9*m**3 - 3*m + 1. What is the units digit of p(-2)?
9
Let g be (-35 - 2) + (3 - 5). Let b = g - -12. What is the units digit of (-2)/(60/b + 2)?
9
What is the tens digit of 94/6 - 4/(-12)?
1
Suppose -5*f + 14 = k, f + 2*k - 14 = -2*f. Let b(p) = 2 - f*p - 8*p + 3*p. What is the units digit of b(-2)?
6
Suppose 25 = -5*i + 2*p, 2*i + 4*p - 6 + 16 = 0. Suppose 38 = 3*o + 5*c, 3*c - 2 + 10 = o. Let z = i + o. What is the units digit of z?
6
Suppose 4*f - 504 = -3*f. What is the tens digit of f?
7
Suppose -4*m = 2*l - 228, -2*m + 3*m - 109 = -l. What is the units digit of l?
4
Suppose 2*l = 4*q + 3*l - 589, 423 = 3*q - 3*l. What is the units digit of q?
6
Suppose 3*l + 0*l + a - 20 = 0, 3*l - 5*a = 8. Let y(p) = 3*p - 6. What is the units digit of y(l)?
2
Let j(o) = o**3 + 6*o**2 + 3*o - 4. Let h be j(-5). Suppose h = b - 0*b. Suppose 3*c + 0*c = b. What is the units digit of c?
2
Let i(x) = -x**3 - 6*x**2 + 0*x**3 + 0*x**3 + 6*x - 3. Let g be i(-7). Suppose g*a = -a + 45. What is the units digit of a?
9
Suppose -3*u = u - 4. Suppose j + r = u, -4*j - r + 0 = 5. What is the units digit of j*((-6)/4 + 1)?
1
Suppose -2*x = u - 188, 3*x - 2*u = -0*u + 282. What is the tens digit of x?
9
Let d = -44 + 127. What is the units digit of d?
3
Let n(t) = 17*t**2 - t - 1. What is the units digit of n(-1)?
7
Let m be 3/(-2)*(-2 - 2). Suppose -m = -2*z + 4*o, -5*o = -3*o. Suppose z = -3*n + 24. What is the units digit of n?
7
Let u = -7 + 220. What is the units digit of u?
3
Let z = 0 + 4. Suppose -z*m = -5*f + 41, 5*f - m - 58 = -14. What is the units digit of f?
9
Suppose 0 = -4*s + 12, -2*s = -2*u + 4 - 82. Let z = 52 + u. What is the units digit of z?
6
What is the units digit of (-2 - -6)/(3/((-12)/(-16)))?
1
Suppose -2*v = -0 - 2. Let d(t) = 15*t**3 - 2*t**2 + 1. What is the tens digit of d(v)?
1
Let r(f) = f + 8. Let b be r(-4). Suppose b*w + 0*m + 9 = 5*m, -w - m = -9. What is the units digit of w?
4
Suppose 0 - 10 = -5*t. Suppose -5 - 1 = -t*y. Suppose -3*a - 51 = -y*j, 2*j = 4*j + 5*a - 20. What is the units digit of j?
5
Let i(m) = 5*m**2 - 1. Let s be i(1). Suppose -s*d + 66 = o, -2*o - 70 = -4*d - 5*o. What is the tens digit of d?
1
Let s(w) be the second derivative of -w**5/20 - 5*w**4/12 + 2*w**3/3 - 3*w**2 + w. Let b be s(-6). What is the tens digit of (-3)/b + 54/4?
1
Suppose -j + 2 = -c,